 the prime factors of j(9)?
3, 19, 41
Let g(n) be the third derivative of 7/8*n**4 + 0*n + 29*n**2 + 0 - 13/3*n**3. What are the prime factors of g(4)?
2, 29
Let k = 60 - 62. List the prime factors of 5042/18 + k + (-1)/9.
2, 139
Suppose 5*l + 29270 = y, -3*y + 16063 = 2*l - 71713. What are the prime factors of y?
2, 5, 7, 11, 19
Suppose -2*s - x = 1016, -3*s - x - 496 - 1026 = 0. Let a = -304 - s. Suppose -5*l + 372 = 2*u, 2*u - a = -2*l - 52. What are the prime factors of l?
2, 37
Let p(b) = 2*b - 5. Let x be p(-5). Suppose -6*h = -2*h + 48. List the prime factors of (h/x)/(4/170).
2, 17
Let u(f) = -f**3 + 71*f**2 + 30*f - 332. List the prime factors of u(49).
2, 5, 19, 71
Let w(x) = 646*x - 1799. List the prime factors of w(10).
59, 79
Suppose -2*l = -3*s - 8299, 8 = 4*s + 20. What are the prime factors of l?
5, 829
Let h(o) be the second derivative of 8*o**3 + 55*o**2/2 + 40*o. What are the prime factors of h(7)?
17, 23
Suppose 3*f = -9, 2*a + 4*f - f = -9. Suppose 4*y + a*o + 2*o - 46 = 0, -25 = -2*y + o. Suppose -13*g + 54 = -y*g. What are the prime factors of g?
2, 3
Suppose 18181 = 2*p + 5*x, 17*x = 2*p + 16*x - 18187. What are the prime factors of p?
3, 7, 433
Let x(t) = -t**3 - 3*t**2 - t + 5. Let q be x(-2). Suppose -o + 7 = -g - g, -q*o = 4*g + 19. List the prime factors of (-34*(-5)/(-10))/o.
17
Suppose 287769 + 377662 = 93*t + 215776. What are the prime factors of t?
5, 967
Suppose -248 = 8*q - 33152. List the prime factors of q.
3, 457
List the prime factors of (-450)/150*65779/(-3).
7, 9397
Suppose 4*v = -i - 3*i + 52, -4*i + 4*v = -12. Suppose 17*r = i*r + 5076. Suppose 4*w - 2*d - r = 2*d, -4*w + 552 = -d. List the prime factors of w.
137
Let f = 5540 + 1285. What are the prime factors of f?
3, 5, 7, 13
List the prime factors of (6 + (8 - -7169))*(0 - (1 - 2)).
11, 653
Suppose -2 = 4*h - 10. Suppose -2*k - 2*u + 242 = 0, 368 = k + h*k - 2*u. Suppose -5*m = 3*r - 89, 5*r - m - 45 - k = 0. List the prime factors of r.
3, 11
What are the prime factors of 288/(-32) + 4 + 0 - -41991?
2, 7, 2999
Suppose 7*b - 106 = 5*b. What are the prime factors of 5/(45/(-12))*-3*b?
2, 53
Suppose 144*j - 23507670 = -126*j + 12*j. What are the prime factors of j?
5, 18223
Suppose -132*k = 187*k - 2744038. What are the prime factors of k?
2, 11, 17, 23
Suppose 0 = -h + 4*h - 12. Suppose 0 = 4*u + 3*a + h, 12 = -4*u + a - 6*a. Suppose -u*k - 4*k + 156 = 0. What are the prime factors of k?
2, 13
Let o(b) = 1533*b - 24. Let n be o(1). Suppose c = 12*r - 9*r + 757, -2*c + n = -r. List the prime factors of c.
2, 13, 29
Let n(u) = -u**2 + 16*u + 28. Let t be n(12). Suppose 94 = -2*j + 4*d, 0 = -j - 4*d - 31 - 10. List the prime factors of (j/(-36))/(1/t).
5, 19
Let o(j) = -298*j - 1881. List the prime factors of o(-8).
503
Suppose 0 = 6*v + 6*v - 129567 + 4923. What are the prime factors of v?
13, 17, 47
Let t(s) = -21*s + 52. Suppose -7*w = -6*w + w. What are the prime factors of t(w)?
2, 13
Suppose 0 = 2*r + 2342 - 9568. Suppose 5*n + 0*n = -4*x + r, -15 = -3*n. List the prime factors of x.
3, 13, 23
Let c be -4 + 2 + -2 + (0 - -6). Suppose 2*l = -5*w + 211, 2*l - l - 105 = -c*w. Suppose l = 2*a - a. List the prime factors of a.
103
Suppose 47*w - 51*w = -v - 80750, v = -2*w + 40384. What are the prime factors of w?
13, 1553
Let q(c) = 14*c**3 + 9*c**2 - 21*c + 6. Let y be q(4). Let n = y - 71. What are the prime factors of n?
3, 11
Suppose 0 = -v - 25*k + 20*k + 6837, -2*v = 2*k - 13634. List the prime factors of v.
2, 13, 131
Suppose -34226 = -18*t + 25876. What are the prime factors of t?
3, 7, 53
Let y(v) be the third derivative of -13/12*v**4 - 17*v**2 + 0*v + 0 - 1/30*v**5 - 8/3*v**3. List the prime factors of y(-11).
2, 7
Let h(y) = 2*y**3 - 6*y**2 + 11*y - 126. Let o be (-7)/2 + 672/64. What are the prime factors of h(o)?
7
Let u(n) = n**3 + 10*n**2 + 18*n + 14. Let w(l) = -3*l - 26. Let d be w(-6). Let x be u(d). What are the prime factors of 0/x - (4 - 3 - 152)?
151
Suppose 0 = -160*f + 156*f + 16. Suppose -31*n + 34*n - 1467 = -2*d, -4*d - 1976 = -f*n. What are the prime factors of n?
491
Let x(t) = 160*t**2 + 89*t + 468. List the prime factors of x(-21).
3, 23053
Let q(r) = -2149*r - 5048. List the prime factors of q(-15).
31, 877
Let p(a) = -10*a**3 + 7*a**2 - a + 6. Let r be p(3). Let z = 432 + r. List the prime factors of z.
2, 3, 19
Let w(r) = r**2 - 9*r + 8. Let u be (-18)/15*75/(-10). Let y be w(u). Let b = y + 16. What are the prime factors of b?
2, 3
Suppose 0 = 9*d - 92357 + 24542. Suppose -30*g + d + 5365 = 0. List the prime factors of g.
2, 5, 43
List the prime factors of 177432/96 + (-54)/24 + 2.
2, 3, 7, 11
Let n = -6408 + 22265. List the prime factors of n.
101, 157
What are the prime factors of ((132/(-18))/(-11))/((-6)/(-68679))?
13, 587
Suppose -9*c - 84 + 129 = 0. Let s(l) = 40*l**2 - 2*l + 1. Let a be s(-2). Suppose 2 = k, 0*k - 5*k - a = -c*n. List the prime factors of n.
5, 7
Let b be 13/21*6 - (-2)/7. Let z(g) = g**3 - 7*g**2 + 5*g + 2. Let f be z(b). Let m = f - -36. List the prime factors of m.
2, 5
Let w = -29 - -31. Suppose -o = -4*c + 1079, 2*c = w*o - 3*o + 535. What are the prime factors of c?
269
Let k(s) = -s**3 - 19*s**2 + 126*s + 147. What are the prime factors of k(-44)?
43003
What are the prime factors of ((-5)/(-55))/(38/5174422)?
12379
Let z = 423 + -423. Suppose 3*a + z*a - d - 433 = 0, 4 = 2*d. List the prime factors of a.
5, 29
Let n(v) = 3*v - 8 - 7*v - 6*v - 27. Let s(d) = 5*d + 18. Let m(h) = 6*n(h) + 11*s(h). What are the prime factors of m(-21)?
3, 31
Suppose 16*c - 4*c = -48. What are the prime factors of c - 1/(6/(-1854))?
5, 61
Suppose -475 = -k - 124. Let z = k - 925. List the prime factors of -2*((-3)/(-4))/(21/z).
41
Suppose 180*l = 94*l + 72*l + 120834. What are the prime factors of l?
3, 7, 137
Let r = -45447 + 69325. What are the prime factors of r?
2, 11939
Let z be 4 + (-13 - -11)*(-1)/(-2). Suppose z*n + 4 = -38. Let k = 19 + n. List the prime factors of k.
5
Suppose -3*y - 6*k + 9277 = -7*k, 2*k = -3*y + 9292. List the prime factors of y.
2, 7, 13, 17
Let p(a) = -a**3 + 44*a**2 + 38*a - 41. What are the prime factors of p(36)?
5, 2339
Let l(o) = o**3 - 3*o**2 + 6*o - 1. Let d be l(4). Suppose 5*b + 27 = i, 5*i = -b - 8 + d. Let h(u) = 13*u + 27. List the prime factors of h(i).
2, 59
Let m(q) = q - 15. Let a be m(23). Let u(f) = -6*f + 43. Let w be u(a). Let n(v) = -25*v - 10. What are the prime factors of n(w)?
5, 23
Let c = -237 + -155. Let w = 418 + c. List the prime factors of w.
2, 13
Let m(s) = 36*s**2 - 29*s + 219. What are the prime factors of m(16)?
8971
Suppose 3*z - 529 = 3*m + 2*m, 0 = 4*m - 2*z + 424. Suppose 2*d + 33 + 103 = -3*x, 174 = -4*x + d. Let v = x - m. What are the prime factors of v?
3, 7
Let d be (-5)/50 + (-228710)/(-100). Let g = 4115 - d. What are the prime factors of g?
2, 457
Let d(r) = -33*r**2 - 16*r + 36. Let p be d(3). Let a = -110 - p. What are the prime factors of a?
199
What are the prime factors of (-30609)/(-57)*(-3 - -7)/12?
179
Let c(x) = 47*x**2 + x + 1. Let v be c(3). Let u be (-3)/(3 - 36) - 14056/(-22). Let j = u - v. What are the prime factors of j?
2, 53
Let u(y) = 16*y + 5. Let p(j) = -j + 1. Let f(m) = 20*p(m) - 5*u(m). Suppose -5*k + k = 4. List the prime factors of f(k).
5, 19
Suppose -14*w + 5*w = -180. Let g be ((-256)/w)/(6/(-15)). List the prime factors of 2/(-4) - (-4)/(g/148).
2, 3
Suppose 7*n - 6*n = -135. Suppose 23*v + 526 = 25*v - 5*q, 5*q = -5*v + 1245. Let d = v + n. List the prime factors of d.
2, 59
Suppose 14*d + 1284 = 8*d. List the prime factors of 1742/6 + d/(-321).
3, 97
Let m = 15879 + -9990. What are the prime factors of m?
3, 13, 151
Suppose -3*c + c = 2*c. Let g be (-2)/1 + 13 + (-2 - c). Suppose -10*u + g*u = -75. What are the prime factors of u?
3, 5
Suppose 0 = -7*v + 3*v - 0*v. Suppose 6 = -v*n + 3*n. Suppose -371 = -3*f + x, -n*x + x - 249 = -2*f. What are the prime factors of f?
2, 61
Suppose -5*h = -3 - 7. Suppose y + 2*x = 8, -4*y + h = 4*x - 18. Suppose -2*r + 45 = 5*f, 108 + 6 = 4*r + y*f. List the prime factors of r.
2, 3, 5
Suppose o = -2*g + 1431, -3588 = -5*g - 104*o + 105*o. List the prime factors of g.
3, 239
Let y = -973 + 518. Let o = 198 + -465. Let t = o - y. List the prime factors of t.